{"id":177,"date":"2015-06-14T17:46:59","date_gmt":"2015-06-14T17:46:59","guid":{"rendered":"http:\/\/ferienwohnung-dresden-unterkunft.de\/wordpress\/?page_id=177"},"modified":"2022-02-02T11:35:31","modified_gmt":"2022-02-02T10:35:31","slug":"startseite","status":"publish","type":"page","link":"https:\/\/liquidbird.de\/staging\/","title":{"rendered":"Ihre sch\u00f6nen Ferienwohnungen in der Barockstadt Dresden"},"content":{"rendered":"<table cellspacing=\"1\">\n<tbody>\n<tr class=\"style5\">\n<td class=\"auto-style26\" colspan=\"2\">\n<h3 style=\"text-align: center;\">Herzlich Willkommen in Dresden.<\/h3>\n<p style=\"text-align: center;\">\n<\/td>\n<\/tr>\n<tr>\n<td class=\"style26\" colspan=\"2\">\n<p style=\"text-align: center;\">Wir bieten Ihnen zwei sehr sch\u00f6ne, gro\u00dfz\u00fcgige und <strong>frisch renovierten Ferienwohnungen<\/strong> f\u00fcr Ihren Urlaub, Besuch oder Langzeitaufenthalt in der <a href=\"https:\/\/liquidbird.de\/staging\/?page_id=59\"><strong>Barockstadt Dresden<\/strong><\/a>.<\/p>\n<h2 style=\"text-align: center;\"><a href=\"https:\/\/liquidbird.de\/staging\/?page_id=25\"><em><strong>Ferienwohnung<\/strong> <\/em>HANS<\/a><\/h2>\n<h2 style=\"text-align: center;\">Diese liegt im EG und und kann mit bis zu 5 Peronen belegt werden.<\/h2>\n<p style=\"text-align: center;\"><a href=\"https:\/\/liquidbird.de\/staging\/wp-content\/uploads\/2022\/02\/Ferienwohnung-Hans-1-scaled.jpg\"><img loading=\"lazy\" decoding=\"async\" class=\"alignnone size-full wp-image-445\" src=\"https:\/\/liquidbird.de\/staging\/wp-content\/uploads\/2022\/02\/Ferienwohnung-Hans-1-scaled.jpg\" alt=\"\" width=\"2560\" height=\"1335\" srcset=\"https:\/\/liquidbird.de\/staging\/wp-content\/uploads\/2022\/02\/Ferienwohnung-Hans-1-scaled.jpg 2560w, https:\/\/liquidbird.de\/staging\/wp-content\/uploads\/2022\/02\/Ferienwohnung-Hans-1-300x156.jpg 300w, https:\/\/liquidbird.de\/staging\/wp-content\/uploads\/2022\/02\/Ferienwohnung-Hans-1-1024x534.jpg 1024w, https:\/\/liquidbird.de\/staging\/wp-content\/uploads\/2022\/02\/Ferienwohnung-Hans-1-768x401.jpg 768w, https:\/\/liquidbird.de\/staging\/wp-content\/uploads\/2022\/02\/Ferienwohnung-Hans-1-1536x801.jpg 1536w, https:\/\/liquidbird.de\/staging\/wp-content\/uploads\/2022\/02\/Ferienwohnung-Hans-1-2048x1068.jpg 2048w, https:\/\/liquidbird.de\/staging\/wp-content\/uploads\/2022\/02\/Ferienwohnung-Hans-1-624x325.jpg 624w\" sizes=\"auto, (max-width: 2560px) 100vw, 2560px\" \/><\/a><\/p>\n<h2 style=\"text-align: center;\"><a href=\"https:\/\/liquidbird.de\/staging\/?page_id=353\"><em><strong>Ferienwohnung<\/strong> <\/em>KLAUS <\/a><\/h2>\n<h2 style=\"text-align: center;\">Diese liegt in der 1. Etage und kann mit bis zu 4 Personen belegt werden.<\/h2>\n<p style=\"text-align: center;\"><a href=\"https:\/\/liquidbird.de\/staging\/wp-content\/uploads\/2022\/02\/Ferienwohnung-Klaus-scaled.jpg\"><img loading=\"lazy\" decoding=\"async\" class=\"alignnone size-full wp-image-444\" src=\"https:\/\/liquidbird.de\/staging\/wp-content\/uploads\/2022\/02\/Ferienwohnung-Klaus-scaled.jpg\" alt=\"\" width=\"2560\" height=\"1335\" srcset=\"https:\/\/liquidbird.de\/staging\/wp-content\/uploads\/2022\/02\/Ferienwohnung-Klaus-scaled.jpg 2560w, https:\/\/liquidbird.de\/staging\/wp-content\/uploads\/2022\/02\/Ferienwohnung-Klaus-300x156.jpg 300w, https:\/\/liquidbird.de\/staging\/wp-content\/uploads\/2022\/02\/Ferienwohnung-Klaus-1024x534.jpg 1024w, https:\/\/liquidbird.de\/staging\/wp-content\/uploads\/2022\/02\/Ferienwohnung-Klaus-768x401.jpg 768w, https:\/\/liquidbird.de\/staging\/wp-content\/uploads\/2022\/02\/Ferienwohnung-Klaus-1536x801.jpg 1536w, https:\/\/liquidbird.de\/staging\/wp-content\/uploads\/2022\/02\/Ferienwohnung-Klaus-2048x1068.jpg 2048w, https:\/\/liquidbird.de\/staging\/wp-content\/uploads\/2022\/02\/Ferienwohnung-Klaus-624x325.jpg 624w\" sizes=\"auto, (max-width: 2560px) 100vw, 2560px\" \/><\/a><\/p>\n<p style=\"text-align: center;\">Durch die N\u00e4he (1 Min) des <a href=\"https:\/\/liquidbird.de\/staging\/?page_id=7\">Elberadweges<\/a> eignen sich unsere Ferienwohnungen bestens f\u00fcr eine oder mehrere \u00dcbernachtungen auf Ihrer Tour.<\/p>\n<p style=\"text-align: center;\">Buchen Sie <strong>schnell und g\u00fcnstig Ihre preiswerte \u00dcbernachtung<\/strong> in unsereren <em><strong>Ferienwohungen.<\/strong><\/em><\/p>\n<p style=\"text-align: center;\">Die barocke Altstadt erreichen Sie in 15 Minuten mit dem Auto oder dem Bus.<\/p>\n<p style=\"text-align: center;\">Unweit der Ferienwohnungen befindet sich auch eine Haltestelle der S-Bahn, welche den idealen Startpunkt f\u00fcr Ihre Ausfl\u00fcge in die Dresdner Umgebung, wie<\/p>\n<p style=\"text-align: center;\">z.B. die <a href=\"https:\/\/liquidbird.de\/staging\/?page_id=67\"><em><strong>S\u00e4chsiche Schweiz<\/strong><\/em> mit ihrem sch\u00f6nen <em><strong>Elbsandsteingebirge<\/strong> <\/em><\/a>eignet.<\/p>\n<p style=\"text-align: center;\">Durch die zentrale Verkehrsanbindung (Bus, Zug) sind alle Sehensw\u00fcrdigkeiten der<br \/>\nStadt und der Umgebung sehr gut erreichbar.<\/p>\n<p style=\"text-align: center;\">Bei gutem Wetter kann man viel in der herrlichen Natur Sachsens oder zu den Sehensw\u00fcrdigkeiten Dresdens unternehmen. Aber auch bei schlechtem Wetter m\u00f6chte man die wertvollen Urlaubstage genie\u00dfen. Wenn man einmal nicht so gerne nach drau\u00dfen m\u00f6chte, muss es drinnen umso sch\u00f6ner sein.<\/p>\n<p style=\"text-align: center;\">In unsereren Ferienwohnungen kann man sich v\u00f6llig entspannen \u2013 auch bei tr\u00fcben Wetteraussichten. Im gem\u00fctlichen Wohnzimmer auf dem Sofa lesen oder Fernsehen oder mal wieder ein leckeres Essen kochen. Das macht in unsereren Ferienwohnungen besonders viel Spa\u00df, denn wir haben bei der Ausstattung sehr viel Wert auf Gem\u00fctlichkeit und Komfort gelegt. Die gro\u00dfe Wohnk\u00fcche ist mit Stil eingerichtet und gro\u00dfz\u00fcgig ausgestattet .<\/p>\n<p style=\"text-align: center;\">Treten Sie ein und schauen sich um.<\/p>\n<p style=\"text-align: center;\">Ihre Familie L\u00fcdeke<\/p>\n<\/td>\n<\/tr>\n<\/tbody>\n<\/table>\n","protected":false},"excerpt":{"rendered":"<p>Herzlich Willkommen in Dresden. Wir bieten Ihnen zwei sehr sch\u00f6ne, gro\u00dfz\u00fcgige und frisch renovierten Ferienwohnungen f\u00fcr Ihren Urlaub, Besuch oder Langzeitaufenthalt in der Barockstadt Dresden. Ferienwohnung HANS Diese liegt im EG und und kann mit bis zu 5 Peronen belegt werden. Ferienwohnung KLAUS Diese liegt in der 1. Etage und kann mit bis zu 4 [&hellip;]<\/p>\n","protected":false},"author":3,"featured_media":0,"parent":0,"menu_order":0,"comment_status":"closed","ping_status":"closed","template":"","meta":{"footnotes":""},"class_list":["post-177","page","type-page","status-publish","hentry"],"_links":{"self":[{"href":"https:\/\/liquidbird.de\/staging\/index.php?rest_route=\/wp\/v2\/pages\/177","targetHints":{"allow":["GET"]}}],"collection":[{"href":"https:\/\/liquidbird.de\/staging\/index.php?rest_route=\/wp\/v2\/pages"}],"about":[{"href":"https:\/\/liquidbird.de\/staging\/index.php?rest_route=\/wp\/v2\/types\/page"}],"author":[{"embeddable":true,"href":"https:\/\/liquidbird.de\/staging\/index.php?rest_route=\/wp\/v2\/users\/3"}],"replies":[{"embeddable":true,"href":"https:\/\/liquidbird.de\/staging\/index.php?rest_route=%2Fwp%2Fv2%2Fcomments&post=177"}],"version-history":[{"count":24,"href":"https:\/\/liquidbird.de\/staging\/index.php?rest_route=\/wp\/v2\/pages\/177\/revisions"}],"predecessor-version":[{"id":450,"href":"https:\/\/liquidbird.de\/staging\/index.php?rest_route=\/wp\/v2\/pages\/177\/revisions\/450"}],"wp:attachment":[{"href":"https:\/\/liquidbird.de\/staging\/index.php?rest_route=%2Fwp%2Fv2%2Fmedia&parent=177"}],"curies":[{"name":"wp","href":"https:\/\/api.w.org\/{rel}","templated":true}]}}